. Let g = x + 51. What is the units digit of g?
8
Suppose 6*i = -2*i + 1592. Let j = 245 - i. What is the tens digit of j?
4
Suppose 117*v = 115*v + 2*f + 29376, -2*f = 10. What is the thousands digit of v?
4
Let h(f) = f**3 - 11*f**2 + 15*f - 14. Let z be h(10). What is the units digit of 964*((-9)/z)/(2/(-4))?
2
Let n(u) be the second derivative of -17*u**3/6 + 23*u**2/2 - 25*u. What is the tens digit of n(-26)?
6
Let g = -35844 - -105537. What is the thousands digit of g?
9
Suppose -5*d - 22*d = -4*d - 7521. What is the units digit of d?
7
Suppose 39*h + 38*h = 556939 - 26640. What is the hundreds digit of h?
8
Let t = -6 + 9. Let n be (-40)/(-144)*-6*54/(-5). Let m = n - t. What is the tens digit of m?
1
Suppose -2*c - 28 = -9*c. Suppose 3*i + i - 4 = 4*x, 20 = 4*x + c*i. Suppose 61 = x*h - 3*a - 0*a, 2*h = -2*a + 36. What is the tens digit of h?
2
Let x(f) = -12*f**3 - 3*f**2 + 61*f + 39. What is the units digit of x(-8)?
3
Suppose -4*l - 11372 = 260. What is the hundreds digit of 8/(-6 - l/484)?
9
What is the hundreds digit of 8/1 + (-10 - (-69741 + 12/(-4)))?
7
Let k(w) = -w + 38. Let n(c) = 26*c**2 - 5*c + 3 + 18*c**2 - 39*c**2. Let s be n(3). What is the units digit of k(s)?
5
Let w = -659 - -3286. What is the units digit of w?
7
Let j be (-2)/11 + 6/33. Suppose 3*a - 13 = v, 0 = 5*a - 3*v + 2*v - 23. Suppose -4*d + 2*d = 5*g - 129, -2*g + a*d + 69 = j. What is the units digit of g?
7
Suppose 5025548 - 1069112 = 97*y. What is the units digit of y?
8
Let f(v) be the first derivative of -3*v**4/2 + 7*v**3/3 + 7*v**2/2 + v - 28. What is the units digit of f(-4)?
9
Suppose 7*o - 340 = 332. Let h = 111 - o. Suppose h*d - 16*d + 276 = 0. What is the hundreds digit of d?
2
Suppose -1219 = 4*n - 7575. Let g = -1132 + n. What is the units digit of g?
7
Suppose 85*j - 392862 - 143998 = 0. What is the units digit of j?
6
Suppose 9*o = 5*p + 8*o - 137362, -82426 = -3*p + 5*o. Suppose p = -96*z + 113*z. What is the thousands digit of z?
1
Let t(b) = -9*b - 4*b**3 + 5*b**3 - 7*b + 11*b + 6*b**2 + 10. Let d be t(-7). What is the tens digit of (-109)/(0 - (-3 - d))?
0
Suppose 0 = 32*n - 20*n. Suppose 4*b = f + 4000, n = 3*b - 0*f + 2*f - 3011. What is the tens digit of b?
0
Suppose 0 = -3*h + 106 + 116. Let i = h - 78. Let z = i - -49. What is the tens digit of z?
4
Let c(a) = -38*a + a**3 + 75 - 4*a**2 - 152 + 96. What is the hundreds digit of c(11)?
4
Suppose 210 = -6*r + 900. Let b = -68 + r. Suppose -121 = -c + o, 0 = c - 2*o - b - 75. What is the tens digit of c?
2
Suppose 2*z + 286 = -3*c, 0*z = 5*z + 10. Let d = 4 - c. Suppose 2*u - 2 = d. What is the tens digit of u?
5
Let s(i) = 2*i**2 - 61*i + 48. Let q(v) = -v**2 + 30*v - 24. Let n(t) = -7*q(t) - 3*s(t). Let k be n(11). What is the tens digit of (2/12 - k/(-48)) + 123?
2
Suppose 71 = 4*c - 5*c. Let k = c - -171. What is the hundreds digit of k?
1
Suppose -8*v = 26*v - 136. Let a(u) = 6*u**3 - 7*u**2 + 10*u - 13. What is the tens digit of a(v)?
9
Let g = 34 + -26. Suppose p - 1611 = -g*p. Suppose 11*r + p = 861. What is the tens digit of r?
6
What is the units digit of -1*2/2*(-9)/((-135)/(-19965))?
1
Suppose 0 = -13*a + 25*a - 12. What is the units digit of (2/(-2))/((3/(-678))/a)?
6
Let h(q) = -3*q**3 + q**2 - 10*q - 102. Let b be h(19). What is the thousands digit of 1/3*b/(-4)?
1
Let g(o) = o**2 - 6*o + 11. Let f be g(4). Suppose -z + f*b = -101 + 16, -4*b = -12. What is the tens digit of z?
9
Let t be (-10)/(-7) - 1 - (-52722)/(-126). Let z = 845 + t. What is the tens digit of z?
2
Let i be (-2)/(-4) - 145/(-10). Suppose -12 = p - i. Suppose -2*u = -d - 32, p*u = 5*u + 2*d - 20. What is the tens digit of u?
1
Let r(j) = -36*j - 3. Suppose 5*s + 2*t = -321, 2*t - 2 = 2. Let f = -66 - s. What is the tens digit of r(f)?
3
Let r be (-3)/2*-1*8/3. Suppose 3*z + 178 = r*z. What is the tens digit of z?
7
What is the tens digit of 2914732/1508 + (-4)/(-26)?
3
Suppose 116*f + 125*f = 250*f - 253395. What is the hundreds digit of f?
1
Suppose -4116 - 951 = 3*r. Let x = r + 3152. What is the thousands digit of x?
1
Suppose -2*g + 6*c - c = 27000, -c + 67546 = -5*g. What is the units digit of (-4)/(-52) + g/(-130)?
4
Let f(k) = -k**3 - 10*k**2 - 16*k + 29. Let n be f(-7). What is the units digit of (n/(-3))/((-10)/(-535))?
7
Let y(q) = -q**3 - 2*q**2 - 2*q + 56. Let z(d) = -d - 8. Suppose -8*s = -3 + 67. Let h be z(s). What is the tens digit of y(h)?
5
Let f(u) = 798*u - 18232. What is the units digit of f(90)?
8
Let b(h) = 107*h + 834. What is the units digit of b(-2)?
0
Suppose 273 = 2*b - 33. Suppose 0 = w - 5*z + 65, 3*w + b - 38 = -5*z. Let o = -17 - w. What is the units digit of o?
8
Suppose 0 = -14*y + 18*y + 16. Let r(p) = -4*p**3 + 9*p**2 - 3*p + 2. What is the tens digit of r(y)?
1
Let o(k) be the second derivative of 3*k**3 - 17*k**2/2 + 37*k + 2. What is the units digit of o(13)?
7
Suppose h + 4*b = 2538, 5*b + 3652 = 4*h - 6584. What is the units digit of h?
4
Let q(b) = 542 + 33*b + 36*b - 76*b. What is the tens digit of q(0)?
4
What is the tens digit of (5/(-3))/((-7)/(-166236)*-4)?
9
Let m = 21 + -15. Let p(s) = 12*s - 21. Let u be p(m). Suppose 4*z + 4*f = 60, -5*z + 2*f + u = -f. What is the tens digit of z?
1
Let r be -1*6*(-4)/8. Suppose -n = -s - 1 - 2, 3*n + r*s - 27 = 0. Suppose 5*p = m + 650, 2*p + 2*m = n*p - 520. What is the hundreds digit of p?
1
Let s(b) = 586*b**2 + 5*b + 4. Let t be s(2). Suppose 7065 = 4*z - 5*m, z - 4*m + 589 = t. What is the tens digit of z?
6
Suppose 72*u - 207493 = 479891. What is the units digit of u?
7
Let s(y) = 13*y + 15. Let u be s(-1). Suppose 0*r = r - v - 384, 3*r - 1137 = -u*v. What is the hundreds digit of r?
3
Let j(d) = -d**3 - 34*d**2 - 249*d - 6. What is the thousands digit of j(-36)?
1
Suppose 179 = 2*m + 33. Suppose 4*v + m = 1237. What is the tens digit of v?
9
Suppose 3*s = x + 161618, -2*s - 4*x = 7104 - 114840. What is the thousands digit of s?
3
Let l = 3 + -727. Let b = -410 - l. Let c = b - 177. What is the units digit of c?
7
Suppose 31360 = -2*n - 2*l, 0 = -2*n - 2*n + 3*l - 62734. What is the hundreds digit of -1 - ((-18)/(-81) + n/18)?
8
Let a = -106 - -108. Let q(k) = 5*k - 4*k**2 - 4 - 8*k**2 + 6*k**2 + 30*k**3 + a*k. What is the hundreds digit of q(2)?
2
What is the hundreds digit of (-6 - -5)/(26/(-193492))?
4
Let l(w) = 7*w**3 + 27*w**2 + 3*w + 23. Let b(p) = -6*p**3 - 26*p**2 - 4*p - 25. Let a(u) = -6*b(u) - 5*l(u). What is the tens digit of a(-19)?
8
Let c be 0/1*(3 - 4). Suppose f - 10 = 4*j, -3*j - 13 = -3*f + 8. Suppose c = -f*y + y + 515. What is the hundreds digit of y?
1
Let p(j) = -370*j**3 + 4*j**2 - 71*j - 220. What is the hundreds digit of p(-3)?
0
Suppose 5*c = 2*w - 18454, 7*w + 52*c = 50*c + 64628. What is the units digit of w?
2
Let k(g) = -g**2 + 9*g + 4. Let w be k(10). Let l be 1 + -81 - (w/2 - 0). Let b = -13 - l. What is the units digit of b?
4
Suppose 0 = s - 0*v - v + 2420, 0 = -4*s + v - 9680. What is the hundreds digit of 18/(s/(-344) - 7)?
5
Let c = 111 - 55. Let d = c - 8. Let h = 279 - d. What is the hundreds digit of h?
2
Suppose -2*t = 3*m - 1385, -m + 3*t + 264 = -194. Suppose -4*n + 951 + m = 0. What is the hundreds digit of n?
3
Suppose -w - w + 10 = 0. Suppose -k - 39 = 3*u - 47, k - 1 = 4*u. Suppose -3*h - 87 = -q - 5*h, -k*q + 410 = w*h. What is the units digit of q?
7
Suppose 4*i + 562 - 223 = a, 0 = 3*a - 3*i - 1017. Let l(d) = -37*d**2 - 2*d + 1. Let j be l(1). Let s = j + a. What is the tens digit of s?
0
Let a(r) = 49*r**2 + 4*r - 2. Let q be (1/3)/(12/36). Let c be a(q). Suppose 25*w = 26*w - c. What is the tens digit of w?
5
Let v(x) = -77*x**3 + 18*x**2 - 10*x + 6. What is the tens digit of v(-3)?
7
Let u(g) = -g + 1. Let v(f) = f**2 + 4*f - 18. Let t(c) = 4*u(c) + v(c). Let q be (-24 + 23)/(-1*(-5)/25). What is the units digit of t(q)?
1
Suppose 3*g = -v + 1023, -381*g + 5089 = 5*v - 379*g. What is the thousands digit of v?
1
Let u = -151 - -153. Suppose 2*c + 40 = u*f - 6, f + 3*c = 7. What is the units digit of f?
9
Let m(a) = 35*a - 82. Let s be m(16). Suppose 0 = v - 5 - s. What is the hundreds digit of v?
4
Let d(c) = -6*c**2 + 50*c + 5. Let t be d(8). Suppose 5*s = s. Suppose 23*g - t*g - 148 = s. What is the tens digit of g?
7
Suppose -93*l - 172*l + 2592706 